- -3?
249
In base 5, what is 113 - -1104?
1222
In base 5, what is -2321 + 3?
-2313
In base 4, what is -122 + -100?
-222
In base 16, what is 2 + -115?
-113
In base 16, what is -2 + 129?
127
In base 6, what is 543 + 2?
545
In base 4, what is -11013 - 10?
-11023
In base 16, what is -1 - c38?
-c39
In base 9, what is 0 + 364?
364
In base 7, what is -21 + 102?
51
In base 9, what is 2 + -4?
-2
In base 4, what is 11 - 13021?
-13010
In base 10, what is -347 - 0?
-347
In base 11, what is -2 - 76?
-78
In base 9, what is 116 - 5?
111
In base 14, what is 1 + -2a?
-29
In base 14, what is 2 - -1b?
1d
In base 14, what is -248 + 1?
-247
In base 7, what is -2 + -1044?
-1046
In base 11, what is -560 + 0?
-560
In base 13, what is -200 + -3?
-203
In base 9, what is -5 - -5758?
5753
In base 12, what is 1 - 7b6?
-7b5
In base 15, what is 14a + -5?
145
In base 11, what is -1 + 69?
68
In base 15, what is 56 + 1?
57
In base 10, what is 2 - 12?
-10
In base 10, what is 105 - -3?
108
In base 13, what is 1 - -83?
84
In base 14, what is -c + 641?
633
In base 14, what is -46 - -d?
-37
In base 15, what is b + 9e?
aa
In base 3, what is 20002 - -11?
20020
In base 14, what is 2 + 48?
4a
In base 11, what is -31 + -48?
-79
In base 12, what is 86 + 6?
90
In base 9, what is -130 - 5?
-135
In base 16, what is 8 - 1c?
-14
In base 10, what is -325 - -7?
-318
In base 9, what is -17 - 763?
-781
In base 6, what is 12 - 23?
-11
In base 9, what is 8 - 2383?
-2374
In base 8, what is -1 + 66?
65
In base 9, what is 0 + 287?
287
In base 7, what is 5 - 140?
-132
In base 6, what is 53 + -2?
51
In base 14, what is -1b - -84?
67
In base 12, what is 187 + -4?
183
In base 9, what is 137 - -11?
148
In base 14, what is -3 - -da?
d7
In base 5, what is -10 + 140?
130
In base 9, what is -4 + -748?
-753
In base 15, what is 2 + -3c?
-3a
In base 15, what is 0 - -a?
a
In base 5, what is -1 + -123?
-124
In base 16, what is 5 - -28d?
292
In base 14, what is -4 - -319?
315
In base 14, what is 4 - d3?
-cd
In base 7, what is 363 + 55?
451
In base 5, what is 14134 + -3?
14131
In base 16, what is -36 - d6?
-10c
In base 3, what is 2 - -21?
100
In base 12, what is -1 - b4?
-b5
In base 14, what is 4 - 13?
-d
In base 14, what is -9 - -456?
44b
In base 16, what is 259 - 6?
253
In base 14, what is -5 - -529?
524
In base 12, what is -2b + 22?
-9
In base 10, what is -32 - 63?
-95
In base 3, what is 111 - 10?
101
In base 3, what is -10 + -2002?
-2012
In base 7, what is 32 + 3?
35
In base 9, what is -2465 - 2?
-2467
In base 12, what is -18 + -4?
-20
In base 2, what is 1 + 1100110100?
1100110101
In base 6, what is -100 - 3?
-103
In base 8, what is -2 - -6255?
6253
In base 10, what is -85 + 5?
-80
In base 6, what is 11111 - -2?
11113
In base 15, what is 3 - -92?
95
In base 4, what is -20130 + -1?
-20131
In base 10, what is -2283 - -3?
-2280
In base 16, what is 0 - 160?
-160
In base 8, what is -135301 + 4?
-135275
In base 7, what is 3062 + -11?
3051
In base 4, what is 2230 + -10?
2220
In base 6, what is -2 - 34?
-40
In base 3, what is -10121 - -1112?
-2002
In base 16, what is -1a - 5?
-1f
In base 10, what is 347 - 2?
345
In base 12, what is 2 + 3453?
3455
In base 6, what is -13240 + 2?
-13234
In base 12, what is -5 - -18?
13
In base 8, what is 3 - -161?
164
In base 4, what is -230 + -1231?
-2121
In base 9, what is -5 + 23?
17
In base 14, what is 3 + -784?
-781
In base 8, what is -46665 - -3?
-46662
In base 12, what is 3 - -143?
146
In base 4, what is 3 - -232331?
233000
In base 2, what is 111111 - 1?
111110
In base 2, what is -1001 + -1000011111?
-1000101000
In base 7, what is 2456 - -1?
2460
In base 6, what is -1 - 2032?
-2033
In base 8, what is 15 - 0?
15
In base 16, what is -1b - 16?
-31
In base 14, what is -3a5 + 6?
-39d
In base 6, what is -114 + -41?
-155
In base 2, what is -1100 - 101?
-10001
In base 14, what is 119 - 9?
110
In base 12, what is 6717 - 0?
6717
In base 15, what is 282 + -4?
27d
In base 15, what is -5 - -355?
350
In base 4, what is 13 - -23?
102
In base 15, what is -1 + -442?
-443
In base 13, what is 246 - 3?
243
In base 8, what is -1456 - -4?
-1452
In base 6, what is 12 - 1054?
-1042
In base 7, what is 3 - 1356?
-1353
In base 13, what is -a3 + 1?
-a2
In base 10, what is -202 - 148?
-350
In base 10, what is 1 + 6?
7
In base 7, what is -25 + -2?
-30
In base 12, what is 2 - 46?
-44
In base 7, what is -321 - 2?
-323
In base 15, what is -5 - 12?
-17
In base 2, what is 110110111 - 1100?
110101011
In base 11, what is 11246 + -4?
11242
In base 11, what is 6 + -11?
-6
In base 7, what is -21 + 43?
22
In base 4, what is 1311 + 10?
1321
In base 10, what is 0 + 90?
90
In base 14, what is 6 - 11?
-9
In base 12, what is -165 - -9?
-158
In base 2, what is -10101000 - -1001?
-10011111
In base 4, what is 12 + 1003?
1021
In base 13, what is -4 + -13?
-17
In base 6, what is -11 - -2125?
2114
In base 4, what is 302321 - -2?
302323
In base 9, what is 1 + -43?
-42
In base 16, what is -1 + -15e1?
-15e2
In base 5, what is 3 - 1424?
-1421
In base 2, what is 10 + 1110101?
1110111
In base 12, what is 4 - -7a0?
7a4
In base 14, what is 2b8 - 16?
2a2
In base 14, what is 13 + 29?
3c
In base 13, what is -3 - -83?
80
In base 7, what is 313 + -3?
310
In base 6, what is -11 + 24?
13
In base 13, what is -618 + 5?
-613
In base 11, what is 8 + -a?
-2
In base 3, what is 12 + 122212?
200001
In base 12, what is -9 - -93?
86
In base 13, what is -14 - -2?
-12
In base 9, what is -7 + -1636?
-1644
In base 15, what is -25 + -1?
-26
In base 5, what is 0 + 13340?
13340
In base 4, what is 301032 + 1?
301033
In base 6, what is -143 + -10?
-153
In base 11, what is 3 - 138?
-135
In base 16, what is -c - e?
-1a
In base 3, what is -11 - 112?
-200
In base 15, what is 9 - -184?
18d
In base 14, what is -901 - 7?
-908
In base 4, what is -12 + 1021?
1003
In base 15, what is -3 + -47e?
-482
In base 12, what is 276 + 42?
2b8
In base 6, what is -131 - -2?
-125
In base 15, what is -2 - -22c?
22a
In base 11, what is -5 + 52?
48
In base 11, what is 2715 - 1?
2714
In base 11, what is 7 - a7?
-a0
In base 6, what is 4 - -3004?
3012
In base 6, what is 5 + 114?
123
In base 11, what is 42 + -5?
38
In base 9, what is 5 - -105?
111
In base 14, what is 7 - 167?
-160
In base 2, what is -1100000 + 11?
-1011101
In base 13, what is 32 - 4a?
-18
In base 5, what is -341 - 10?
-401
In base 8, what is 5 - -167?
174
In base 11, what is -92 + 2?
-90
In base 13, what is 4 + 18?
1c
In base 13, what is -5 + 55a?
555
In base 2, what is 10000010000011 + -100?
10000001111111
In base 15, what is -2 - -47?
45
In base 13, what is 1085 + -1?
1084
In base 3, what is 1 - -20201?
20202
In base 2, what is 10 - 1011?
-1001
In base 5, what is -12 + -1020?
-1032
In base 13, what is 1c8 - 11?
1b7
In base 7, what is -410 - -1?
-406
In base 14, what is 0 - -a?
a
In base 6, what is 22 + -300?
-234
In base 7, what is -5 + 16?
11
In base 10, what is 4 - -30?
34
In base 5, what is 2 + -1234?
-1232
In base 5, what is 1 - -1021?
1022
In base 9, what is -7 - -24?
16
In base 2, what is 100 + 1000010?
1000110
In base 15, what is -7cb8 - -3?
-7cb5
In base 15, what is 2 + -999?
-997
In base 12, what is -3 - -325?
322
In base 2, what is -10 - 100111?
-101001
In base 5, what is 131440 + 4?
131444
In base 8, what is -11 - -14?
3
In base 6, what is -2 + -433?
-435
In base 10, what is -273 + -3?
-276
In base 3, what is -21 - -110?
12
In base 9, what is 34 + 18?
53
In base 3, what is -21112 - 12?
-21201
In base 11, what is 3 + -348?
-345
In base 10, what is -1 + -78?
-79
In base 16, what is -14b - -4?
-147
In base 5, what is 0 - 2420?
-2420
In base 2, what is 1110001 + -100001?
1010000
In base 15, what is -2 - -9b?
99
In base 11, what is -8a + 77?
-13
In base 10, what is -200 - 1?
-201
In base 10, what is -13 - 1?
-14
In base 2, what is 100 - -101111?
110011
In base 14, what is -163 + 1?
-162
In base 11, what is -1 + -17?
-18
In base 9, what is 6308 - -2?
6311
In base 3, what is -101012 + 11?
-101001
In base 6, what is -1 - 54544?
-54545
In base 3, what is -11 - -10001?
2220
In base 3, what is -222 - -22112?
21120
In base 3, what is -112 - -1200?
1011
In base 13, what is 3 + -27?
-24
In base 7, what is -130 + 10?
-120
In base 15, what is 433 + -1e?
414
In base 8, what is 65 + -22?
43
In base 10, what is 29 + -10?
19
In base